4*s - 4*d - 16, 0 = s - d + 4*d - 4. Suppose -f + s = 0, 3*l + 3*f - 28 = 2. Let c = l + 6. What is the remainder when 33 is divided by c?
9
Suppose v + v = 0, 4*f - 4*v = 900. Let c(m) = -m**2 + 714*m - 5629. Calculate the remainder when f is divided by c(8).
16
Suppose -6461043 = -210*y - 1948478 + 1576385. Calculate the remainder when y is divided by 81.
78
Let k(x) = -x**2 + 4*x - 1. Let c be k(-5). Let t = -27 - c. Suppose -t*z = 500 - 2704. What is the remainder when z is divided by 13?
12
Suppose 3*f + 2*h = -18, 3*f - 4*h = f - 28. Let c(q) = q**3 + 7*q**2 - 17*q - 14. Calculate the remainder when c(f) is divided by 15.
13
What is the remainder when (-2513175)/(-1725) + (-6)/(-69) is divided by 9?
8
Let l(j) = -12*j - 72. Let r be l(-6). Calculate the remainder when r + 3 + 25 - 0 is divided by 9.
1
Suppose 0 = o - 4*y - 94, 4*y + 0*y = 4*o - 340. Calculate the remainder when o is divided by (-265)/159 + (0 - 329/(-21)).
12
Let h be (-4)/48*3 + (-213)/(-4). Let m be (-2)/(-3)*(-3 - 72). Let a = m + h. Calculate the remainder when 10 is divided by a.
1
Suppose 0 = -5*r + 2*i + 1263, -5*i + 2*i = 12. Suppose -2*q = 2*w - 14, 22*q + 55 = 5*w + 17*q. Calculate the remainder when r is divided by w.
8
Let x = -570 + 588. Suppose -4*z - 42 = -x*z. What is the remainder when z is divided by 3?
0
Let o(g) = 2*g**3 - 3*g**2 - 2*g + 3. Calculate the remainder when 7 + ((-15)/(-3) - -49) + (0 - 3) is divided by o(3).
10
Let w(l) = -10*l**3 - l**2 + 2*l - 1. Let y be w(1). Let o be (-1)/(y/(-4)) - 1908/30. Let b = o - -124. What is the remainder when b is divided by 17?
9
Let j(n) = -n**3 + 43*n**2 - 35*n - 1. Calculate the remainder when j(38) is divided by 71.
67
Let a = 12 + -2. Suppose 527*q - 2*p = 532*q - 477, 3*q - 3*p = 324. What is the remainder when q is divided by a?
9
Let w(j) = 14 - 9 + 5 + 11*j**2 - 9*j + 3*j**2 + 2*j. What is the remainder when 153 is divided by w(2)?
49
Suppose -4*a + 18 = 2. Suppose -2*s + a = -56. Suppose -5*h + 141 = -299. What is the remainder when h is divided by s?
28
Suppose 2*s + 149 - 646 = 5*q, -2*q = 2*s - 504. Suppose 254*c - s*c - 69 = 0. Calculate the remainder when (44/(-3))/(2/(-12)) is divided by c.
19
Suppose -3*x + 2*x - 20 = -4*p, -4*p = 4*x. Let n be (-15)/10 - 22/x. Suppose n*t - 6*t = -194. Calculate the remainder when t is divided by 10.
7
Let i be ((-15)/20)/((-21)/308). Suppose 237 = -8*l + i*l. Let j(m) = -m**3 + 6*m**2 - m + 7. What is the remainder when l is divided by j(5)?
25
Let y(n) = 22*n**3 - 2*n + 1. Let i(w) = w**2 + 6*w - 6. Let h be i(-7). Let x be y(h). Suppose 2*j - x = -j. Calculate the remainder when 25 is divided by j.
4
Let t = 161 + -115. Suppose 5*l = 4*c - 101, 0 = c + c - 4*l - t. Suppose -4*g + 5*g - c = 0. What is the remainder when 115 is divided by g?
28
Let j(z) = -2*z**2 + 17*z + 13. Let b be j(9). Suppose -3*r - b*p + 695 = 0, 5*r - 1120 = -3*p + 4*p. What is the remainder when r is divided by 19?
16
Let c = 377 + -216. Let h(f) = 5*f**3 - 4*f**2 - 10*f + 23. Calculate the remainder when c is divided by h(2).
26
Let r(p) = -p**3 - 15*p**2 - 47*p + 5. Let i be r(-11). Suppose -63 = -2*t + 3*w - 2, t = -w + i. Let h = 0 + 9. Calculate the remainder when t is divided by h.
8
Let p = -63 + 70. Suppose -204 = t - p*t. Let v = 57 - t. What is the remainder when v is divided by 6?
5
Suppose -25*l = -15349 - 41926. Suppose -5*t + 6*v - 3*v = -2289, -5*t + 2*v = -l. What is the remainder when t is divided by 46?
45
Let u(t) = 47*t**2 - 130*t + 31. Calculate the remainder when u(7) is divided by 37.
18
Let j = 87 - 6. Suppose 5*w = -5*m - 1035, -3*m - 591 = 4*w - 7*w. Let p = m - -214. What is the remainder when j is divided by p?
9
Let n = 768 - 750. Suppose m = -4*j + 217, -17*j = -n*j + m + 48. What is the remainder when j is divided by 23?
7
Suppose 0 = -13*r + 6*r + 420. Suppose 3*j - r = 30. Calculate the remainder when 210/4 - (-4 - (-35)/10) is divided by j.
23
Let s = 10 - 24. Let c(q) = q**3 + 15*q**2 + 9*q - 55. What is the remainder when 70 is divided by c(s)?
10
Let f(c) = 2*c**3 + 24*c**2 - 27*c - 11. Let m be f(-13). Calculate the remainder when 54 is divided by (8 + 0 - 30)*(-1)/m.
10
Calculate the remainder when 340 is divided by -8 - (-605 + 7)/23.
16
Let y = -2952 + 2990. What is the remainder when 356 is divided by y?
14
Let r be (-4 + 45/10)*4. Suppose -4*u + 3*k = 373, r*k + 361 = -4*u + k. Let b = u + 115. Calculate the remainder when 63 is divided by b.
15
Let c be 34/10 + 8/(-20). Suppose 0 = -c*s - 26 + 2. Calculate the remainder when 189 is divided by (-3 - 16)/(-2*(-2)/s).
37
Let c(k) = 31*k**3 + 2*k**2 - 24*k + 24. Calculate the remainder when 149 is divided by c(1).
17
Suppose 0 = -2*r - 4*z + 538 - 62, 4*r = -5*z + 976. Calculate the remainder when 42669 is divided by r.
251
Let p(j) = j**3 + 3*j**2 + j + 4. Let d(b) = -b**3 + 26*b**2 - 24*b + 28. Calculate the remainder when p(5) is divided by d(25).
50
Let i be ((-4)/(4/(-5)))/(-1). Calculate the remainder when ((-6)/i)/((-15)/(-1075)) is divided by 22.
20
Let b(v) = v**3 + 9*v**2 + 5*v - 32. What is the remainder when ((-5622)/(-14) - 1) + 57/133 is divided by b(-7)?
29
Suppose 48*w - 32*w = 96. Let x(n) = n**3 - 5*n**2 + 38*n - 252. Let h(j) = -j**3 - 4*j**2 - 4*j + 2. What is the remainder when h(-5) is divided by x(w)?
11
Let m = -21737 + 21764. Calculate the remainder when 1360 is divided by m.
10
Suppose 9*s = 8*s + 226. Suppose -8*c = -6*c - s. Let q = -67 + c. What is the remainder when q is divided by 12?
10
Let b(d) = 2*d**2 + d + 25. Let a be b(-8). Let k = a + -58. What is the remainder when k is divided by 2*23/4*2?
18
Let y(h) = -h**2 + 52*h - 5. Calculate the remainder when y(16) is divided by 96.
91
Suppose 3*l + 35 = 5*g, 2*l - 3*l - 5 = 0. Suppose 8*i = g*i + 3*z + 321, -i + 109 = 5*z. What is the remainder when i is divided by 30?
24
Calculate the remainder when -10 + 6 + (3 - -480) is divided by 2.
1
Suppose 3*n + 8*n - 2686 = -23*n. Calculate the remainder when 98 is divided by n.
19
Suppose -f + 54 = f + 2*r, 2*r + 27 = f. Suppose -2*d + 76 = -t, -2*d - t = -f - 41. Calculate the remainder when d is divided by 8.
4
Suppose -176*i + 168*i = -264. What is the remainder when ((-492)/(-9))/(11/i) is divided by 55?
54
Let j = 329 + -155. Let v(q) = 18*q**2 + 23*q + 9. Calculate the remainder when j is divided by v(-2).
34
Suppose -43*z - 16*z + 28342 = 5273. What is the remainder when z is divided by 33?
28
Let u = 2932 + -2925. What is the remainder when 4/10 - (-58)/(-20)*-4 is divided by u?
5
Let y = 150 - -1387. What is the remainder when y is divided by 55?
52
Let b(c) = c**2 + 3. Let n be b(0). Suppose -8*o + 50 = -n*o. What is the remainder when (-236)/(-9) + (-20)/90 is divided by o?
6
Suppose 3*n + 210 = 64*v - 62*v, -2*v + 198 = -n. Calculate the remainder when 386 is divided by v.
2
Let p(w) = -w**3 + 6*w**2 + 43*w + 34. Calculate the remainder when 293 is divided by p(-5).
11
Let f = 6374 + -6348. Let m(h) = 125*h - 1. What is the remainder when m(1) is divided by f?
20
Let p(b) = 6*b**2 - 170*b + 4. Calculate the remainder when p(29) is divided by 105.
15
Let b = 122 + -118. Suppose 0*u - i = 2*u - 40, 0 = -5*u - b*i + 103. What is the remainder when 84 is divided by u?
8
Suppose -28*n - 2877 + 5369 = 0. What is the remainder when 331 is divided by n?
64
Calculate the remainder when 540 is divided by ((-99)/1)/11 - -37.
8
Let r be 14/(-4*(-2)/7356) - -5. Suppose 27602 = 46*u - r. Calculate the remainder when u is divided by 17.
13
Suppose -65*r + 109869 = 252*r - 49265. Calculate the remainder when r is divided by 101.
98
Suppose -4*y = -3*d + 1 - 0, 5*y + d - 13 = 0. Let j(n) = 17*n - 9. Calculate the remainder when 41 is divided by j(y).
16
Calculate the remainder when 209 is divided by (-18)/648*8 + (-443)/(-9).
13
Let w(a) = -57*a + 7. Let x be w(3). Let v = 346 + x. Suppose -4*o + 149 = s, -3*o + 8 = s - 104. What is the remainder when v is divided by o?
34
Let x(n) = 525*n + 16. Let j be x(-1). Let h = -477 - j. Calculate the remainder when 93 is divided by h.
29
Let n be -1 - 7 - -86 - -9. Suppose n = -16*o + 1431. What is the remainder when o is divided by 10?
4
Suppose -6 = 48*f - 46*f. Calculate the remainder when 223 is divided by 28 + (1 - -6